{"id":6,"date":"2022-02-12T17:17:55","date_gmt":"2022-02-12T14:17:55","guid":{"rendered":"http:\/\/yasinerguven.com.tr\/tanitim\/index.php\/home\/"},"modified":"2022-02-13T02:21:01","modified_gmt":"2022-02-12T23:21:01","slug":"home","status":"publish","type":"page","link":"https:\/\/yasinerguven.com.tr\/tanitim\/","title":{"rendered":"Anasayfa"},"content":{"rendered":"","protected":false},"excerpt":{"rendered":"","protected":false},"author":1,"featured_media":42,"parent":0,"menu_order":0,"comment_status":"closed","ping_status":"closed","template":"template-business.php","meta":{"footnotes":""},"class_list":["post-6","page","type-page","status-publish","has-post-thumbnail","hentry"],"yoast_head":"<!-- This site is optimized with the Yoast SEO plugin v18.1 - https:\/\/yoast.com\/wordpress\/plugins\/seo\/ -->\n<title>Yasin ERG\u00dcVEN | Ajans \u2013 Reklam \u2013 Tan\u0131t\u0131m \u2013 PR \/ Seo \u2013 Grafik \u2013 Blog<\/title>\n<meta name=\"description\" content=\"Kiral\u0131k web siteleri | Ankara Platform Vin\u00e7 | AvukatX | Bi Yol Yard\u0131m | Ankara Bilgisayar Temizleme | Bi Takviye | Yenimahalle Hal\u0131 Y\u0131kama | K\u0131na Organizasyon Ankara | Mevzu Ankara | Siyaset Defteri | Milli Piyango Kazananlar\" \/>\n<meta name=\"robots\" content=\"index, follow, max-snippet:-1, max-image-preview:large, max-video-preview:-1\" \/>\n<link rel=\"canonical\" href=\"http:\/\/yasinerguven.com.tr\/tanitim\/\" \/>\n<meta property=\"og:locale\" content=\"tr_TR\" \/>\n<meta property=\"og:type\" content=\"article\" \/>\n<meta property=\"og:title\" content=\"Yasin ERG\u00dcVEN | Ajans \u2013 Reklam \u2013 Tan\u0131t\u0131m \u2013 PR \/ Seo \u2013 Grafik \u2013 Blog\" \/>\n<meta property=\"og:description\" content=\"Kiral\u0131k web siteleri | Ankara Platform Vin\u00e7 | AvukatX | Bi Yol Yard\u0131m | Ankara Bilgisayar Temizleme | Bi Takviye | Yenimahalle Hal\u0131 Y\u0131kama | K\u0131na Organizasyon Ankara | Mevzu Ankara | Siyaset Defteri | Milli Piyango Kazananlar\" \/>\n<meta property=\"og:url\" content=\"http:\/\/yasinerguven.com.tr\/tanitim\/\" \/>\n<meta property=\"og:site_name\" content=\"Yasin ERG\u00dcVEN\" \/>\n<meta property=\"article:modified_time\" content=\"2022-02-12T23:21:01+00:00\" \/>\n<meta property=\"og:image\" content=\"http:\/\/yasinerguven.com.tr\/tanitim\/wp-content\/uploads\/2022\/02\/yasinerguven-0005.jpg\" \/>\n\t<meta property=\"og:image:width\" content=\"860\" \/>\n\t<meta property=\"og:image:height\" content=\"1000\" \/>\n\t<meta property=\"og:image:type\" content=\"image\/jpeg\" \/>\n<meta name=\"twitter:card\" content=\"summary_large_image\" \/>\n<script type=\"application\/ld+json\" class=\"yoast-schema-graph\">{\"@context\":\"https:\/\/schema.org\",\"@graph\":[{\"@type\":\"Organization\",\"@id\":\"http:\/\/yasinerguven.com.tr\/tanitim\/#organization\",\"name\":\"Yasin ERG\u00dcVEN Ajans \u2013 Reklam \u2013 Tan\u0131t\u0131m \u2013 PR \/ Seo \u2013 Grafik \u2013 Blog\",\"url\":\"http:\/\/yasinerguven.com.tr\/tanitim\/\",\"sameAs\":[],\"logo\":{\"@type\":\"ImageObject\",\"@id\":\"http:\/\/yasinerguven.com.tr\/tanitim\/#logo\",\"inLanguage\":\"tr\",\"url\":\"http:\/\/yasinerguven.com.tr\/tanitim\/wp-content\/uploads\/2022\/02\/cropped-output-onlinepngtools.png\",\"contentUrl\":\"http:\/\/yasinerguven.com.tr\/tanitim\/wp-content\/uploads\/2022\/02\/cropped-output-onlinepngtools.png\",\"width\":720,\"height\":351,\"caption\":\"Yasin ERG\u00dcVEN Ajans \u2013 Reklam \u2013 Tan\u0131t\u0131m \u2013 PR \/ Seo \u2013 Grafik \u2013 Blog\"},\"image\":{\"@id\":\"http:\/\/yasinerguven.com.tr\/tanitim\/#logo\"}},{\"@type\":\"WebSite\",\"@id\":\"http:\/\/yasinerguven.com.tr\/tanitim\/#website\",\"url\":\"http:\/\/yasinerguven.com.tr\/tanitim\/\",\"name\":\"Yasin ERG\u00dcVEN\",\"description\":\"Ajans - Reklam - Tan\u0131t\u0131m - PR \/ Seo - Grafik - Blog\",\"publisher\":{\"@id\":\"http:\/\/yasinerguven.com.tr\/tanitim\/#organization\"},\"potentialAction\":[{\"@type\":\"SearchAction\",\"target\":{\"@type\":\"EntryPoint\",\"urlTemplate\":\"http:\/\/yasinerguven.com.tr\/tanitim\/?s={search_term_string}\"},\"query-input\":\"required name=search_term_string\"}],\"inLanguage\":\"tr\"},{\"@type\":\"ImageObject\",\"@id\":\"http:\/\/yasinerguven.com.tr\/tanitim\/#primaryimage\",\"inLanguage\":\"tr\",\"url\":\"https:\/\/yasinerguven.com.tr\/tanitim\/wp-content\/uploads\/2022\/02\/yasinerguven-0005.jpg\",\"contentUrl\":\"https:\/\/yasinerguven.com.tr\/tanitim\/wp-content\/uploads\/2022\/02\/yasinerguven-0005.jpg\",\"width\":860,\"height\":1000},{\"@type\":\"WebPage\",\"@id\":\"http:\/\/yasinerguven.com.tr\/tanitim\/#webpage\",\"url\":\"http:\/\/yasinerguven.com.tr\/tanitim\/\",\"name\":\"Yasin ERG\u00dcVEN | Ajans \u2013 Reklam \u2013 Tan\u0131t\u0131m \u2013 PR \/ Seo \u2013 Grafik \u2013 Blog\",\"isPartOf\":{\"@id\":\"http:\/\/yasinerguven.com.tr\/tanitim\/#website\"},\"primaryImageOfPage\":{\"@id\":\"http:\/\/yasinerguven.com.tr\/tanitim\/#primaryimage\"},\"datePublished\":\"2022-02-12T14:17:55+00:00\",\"dateModified\":\"2022-02-12T23:21:01+00:00\",\"description\":\"Kiral\u0131k web siteleri | Ankara Platform Vin\u00e7 | AvukatX | Bi Yol Yard\u0131m | Ankara Bilgisayar Temizleme | Bi Takviye | Yenimahalle Hal\u0131 Y\u0131kama | K\u0131na Organizasyon Ankara | Mevzu Ankara | Siyaset Defteri | Milli Piyango Kazananlar\",\"breadcrumb\":{\"@id\":\"http:\/\/yasinerguven.com.tr\/tanitim\/#breadcrumb\"},\"inLanguage\":\"tr\",\"potentialAction\":[{\"@type\":\"ReadAction\",\"target\":[\"http:\/\/yasinerguven.com.tr\/tanitim\/\"]}]},{\"@type\":\"BreadcrumbList\",\"@id\":\"http:\/\/yasinerguven.com.tr\/tanitim\/#breadcrumb\",\"itemListElement\":[{\"@type\":\"ListItem\",\"position\":1,\"name\":\"Home\",\"item\":\"http:\/\/yasinerguven.com.tr\/tanitim\/\"},{\"@type\":\"ListItem\",\"position\":2,\"name\":\"Anasayfa\"}]}]}<\/script>\n<!-- \/ Yoast SEO plugin. -->","yoast_head_json":{"title":"Yasin ERG\u00dcVEN | Ajans \u2013 Reklam \u2013 Tan\u0131t\u0131m \u2013 PR \/ Seo \u2013 Grafik \u2013 Blog","description":"Kiral\u0131k web siteleri | Ankara Platform Vin\u00e7 | AvukatX | Bi Yol Yard\u0131m | Ankara Bilgisayar Temizleme | Bi Takviye | Yenimahalle Hal\u0131 Y\u0131kama | K\u0131na Organizasyon Ankara | Mevzu Ankara | Siyaset Defteri | Milli Piyango Kazananlar","robots":{"index":"index","follow":"follow","max-snippet":"max-snippet:-1","max-image-preview":"max-image-preview:large","max-video-preview":"max-video-preview:-1"},"canonical":"http:\/\/yasinerguven.com.tr\/tanitim\/","og_locale":"tr_TR","og_type":"article","og_title":"Yasin ERG\u00dcVEN | Ajans \u2013 Reklam \u2013 Tan\u0131t\u0131m \u2013 PR \/ Seo \u2013 Grafik \u2013 Blog","og_description":"Kiral\u0131k web siteleri | Ankara Platform Vin\u00e7 | AvukatX | Bi Yol Yard\u0131m | Ankara Bilgisayar Temizleme | Bi Takviye | Yenimahalle Hal\u0131 Y\u0131kama | K\u0131na Organizasyon Ankara | Mevzu Ankara | Siyaset Defteri | Milli Piyango Kazananlar","og_url":"http:\/\/yasinerguven.com.tr\/tanitim\/","og_site_name":"Yasin ERG\u00dcVEN","article_modified_time":"2022-02-12T23:21:01+00:00","og_image":[{"width":860,"height":1000,"url":"http:\/\/yasinerguven.com.tr\/tanitim\/wp-content\/uploads\/2022\/02\/yasinerguven-0005.jpg","type":"image\/jpeg"}],"twitter_card":"summary_large_image","schema":{"@context":"https:\/\/schema.org","@graph":[{"@type":"Organization","@id":"http:\/\/yasinerguven.com.tr\/tanitim\/#organization","name":"Yasin ERG\u00dcVEN Ajans \u2013 Reklam \u2013 Tan\u0131t\u0131m \u2013 PR \/ Seo \u2013 Grafik \u2013 Blog","url":"http:\/\/yasinerguven.com.tr\/tanitim\/","sameAs":[],"logo":{"@type":"ImageObject","@id":"http:\/\/yasinerguven.com.tr\/tanitim\/#logo","inLanguage":"tr","url":"http:\/\/yasinerguven.com.tr\/tanitim\/wp-content\/uploads\/2022\/02\/cropped-output-onlinepngtools.png","contentUrl":"http:\/\/yasinerguven.com.tr\/tanitim\/wp-content\/uploads\/2022\/02\/cropped-output-onlinepngtools.png","width":720,"height":351,"caption":"Yasin ERG\u00dcVEN Ajans \u2013 Reklam \u2013 Tan\u0131t\u0131m \u2013 PR \/ Seo \u2013 Grafik \u2013 Blog"},"image":{"@id":"http:\/\/yasinerguven.com.tr\/tanitim\/#logo"}},{"@type":"WebSite","@id":"http:\/\/yasinerguven.com.tr\/tanitim\/#website","url":"http:\/\/yasinerguven.com.tr\/tanitim\/","name":"Yasin ERG\u00dcVEN","description":"Ajans - Reklam - Tan\u0131t\u0131m - PR \/ Seo - Grafik - Blog","publisher":{"@id":"http:\/\/yasinerguven.com.tr\/tanitim\/#organization"},"potentialAction":[{"@type":"SearchAction","target":{"@type":"EntryPoint","urlTemplate":"http:\/\/yasinerguven.com.tr\/tanitim\/?s={search_term_string}"},"query-input":"required name=search_term_string"}],"inLanguage":"tr"},{"@type":"ImageObject","@id":"http:\/\/yasinerguven.com.tr\/tanitim\/#primaryimage","inLanguage":"tr","url":"https:\/\/yasinerguven.com.tr\/tanitim\/wp-content\/uploads\/2022\/02\/yasinerguven-0005.jpg","contentUrl":"https:\/\/yasinerguven.com.tr\/tanitim\/wp-content\/uploads\/2022\/02\/yasinerguven-0005.jpg","width":860,"height":1000},{"@type":"WebPage","@id":"http:\/\/yasinerguven.com.tr\/tanitim\/#webpage","url":"http:\/\/yasinerguven.com.tr\/tanitim\/","name":"Yasin ERG\u00dcVEN | Ajans \u2013 Reklam \u2013 Tan\u0131t\u0131m \u2013 PR \/ Seo \u2013 Grafik \u2013 Blog","isPartOf":{"@id":"http:\/\/yasinerguven.com.tr\/tanitim\/#website"},"primaryImageOfPage":{"@id":"http:\/\/yasinerguven.com.tr\/tanitim\/#primaryimage"},"datePublished":"2022-02-12T14:17:55+00:00","dateModified":"2022-02-12T23:21:01+00:00","description":"Kiral\u0131k web siteleri | Ankara Platform Vin\u00e7 | AvukatX | Bi Yol Yard\u0131m | Ankara Bilgisayar Temizleme | Bi Takviye | Yenimahalle Hal\u0131 Y\u0131kama | K\u0131na Organizasyon Ankara | Mevzu Ankara | Siyaset Defteri | Milli Piyango Kazananlar","breadcrumb":{"@id":"http:\/\/yasinerguven.com.tr\/tanitim\/#breadcrumb"},"inLanguage":"tr","potentialAction":[{"@type":"ReadAction","target":["http:\/\/yasinerguven.com.tr\/tanitim\/"]}]},{"@type":"BreadcrumbList","@id":"http:\/\/yasinerguven.com.tr\/tanitim\/#breadcrumb","itemListElement":[{"@type":"ListItem","position":1,"name":"Home","item":"http:\/\/yasinerguven.com.tr\/tanitim\/"},{"@type":"ListItem","position":2,"name":"Anasayfa"}]}]}},"_links":{"self":[{"href":"https:\/\/yasinerguven.com.tr\/tanitim\/index.php\/wp-json\/wp\/v2\/pages\/6","targetHints":{"allow":["GET"]}}],"collection":[{"href":"https:\/\/yasinerguven.com.tr\/tanitim\/index.php\/wp-json\/wp\/v2\/pages"}],"about":[{"href":"https:\/\/yasinerguven.com.tr\/tanitim\/index.php\/wp-json\/wp\/v2\/types\/page"}],"author":[{"embeddable":true,"href":"https:\/\/yasinerguven.com.tr\/tanitim\/index.php\/wp-json\/wp\/v2\/users\/1"}],"replies":[{"embeddable":true,"href":"https:\/\/yasinerguven.com.tr\/tanitim\/index.php\/wp-json\/wp\/v2\/comments?post=6"}],"version-history":[{"count":1,"href":"https:\/\/yasinerguven.com.tr\/tanitim\/index.php\/wp-json\/wp\/v2\/pages\/6\/revisions"}],"predecessor-version":[{"id":55,"href":"https:\/\/yasinerguven.com.tr\/tanitim\/index.php\/wp-json\/wp\/v2\/pages\/6\/revisions\/55"}],"wp:featuredmedia":[{"embeddable":true,"href":"https:\/\/yasinerguven.com.tr\/tanitim\/index.php\/wp-json\/wp\/v2\/media\/42"}],"wp:attachment":[{"href":"https:\/\/yasinerguven.com.tr\/tanitim\/index.php\/wp-json\/wp\/v2\/media?parent=6"}],"curies":[{"name":"wp","href":"https:\/\/api.w.org\/{rel}","templated":true}]}}